
3
What is the units digit of 18521?
1
What is the units digit of 122608?
8
What is the tens digit of 3169476?
7
What is the hundred thousands digit of 2513234?
5
What is the thousands digit of 17873792?
3
What is the units digit of 908350?
0
What is the thousands digit of 1059608?
9
What is the thousands digit of 180446?
0
What is the hundreds digit of 173463?
4
What is the units digit of 27758?
8
What is the millions digit of 1013112?
1
What is the millions digit of 2438087?
2
What is the ten thousands digit of 15835020?
3
What is the hundred thousands digit of 13198960?
1
What is the hundred thousands digit of 7089830?
0
What is the tens digit of 561327?
2
What is the units digit of 220995?
5
What is the hundreds digit of 231570?
5
What is the units digit of 1438888?
8
What is the units digit of 6279242?
2
What is the tens digit of 418354?
5
What is the millions digit of 2766186?
2
What is the units digit of 835721?
1
What is the ten thousands digit of 7054971?
5
What is the hundred thousands digit of 5878320?
8
What is the ten thousands digit of 140676?
4
What is the units digit of 4802628?
8
What is the units digit of 401067?
7
What is the units digit of 713521?
1
What is the ten thousands digit of 3964617?
6
What is the tens digit of 218597?
9
What is the millions digit of 2121481?
2
What is the hundreds digit of 6910815?
8
What is the hundreds digit of 1026300?
3
What is the tens digit of 3934293?
9
What is the tens digit of 81092?
9
What is the thousands digit of 21198993?
8
What is the ten thousands digit of 1309203?
0
What is the units digit of 836130?
0
What is the hundreds digit of 3469457?
4
What is the hundreds digit of 40184?
1
What is the hundreds digit of 247291?
2
What is the millions digit of 26165851?
6
What is the millions digit of 1432756?
1
What is the millions digit of 10518501?
0
What is the thousands digit of 121526?
1
What is the tens digit of 7091329?
2
What is the units digit of 763329?
9
What is the hundred thousands digit of 279629?
2
What is the ten thousands digit of 440735?
4
What is the ten millions digit of 18651772?
1
What is the millions digit of 37132424?
7
What is the hundreds digit of 843386?
3
What is the hundreds digit of 27386?
3
What is the tens digit of 1123505?
0
What is the units digit of 4752093?
3
What is the tens digit of 2577779?
7
What is the hundreds digit of 94652?
6
What is the hundred thousands digit of 3631989?
6
What is the millions digit of 14762169?
4
What is the hundred thousands digit of 10284693?
2
What is the tens digit of 11395503?
0
What is the tens digit of 7161218?
1
What is the units digit of 750018?
8
What is the hundreds digit of 427558?
5
What is the hundreds digit of 2491521?
5
What is the ten thousands digit of 8060523?
6
What is the thousands digit of 4737632?
7
What is the thousands digit of 1748109?
8
What is the units digit of 1391084?
4
What is the thousands digit of 113213?
3
What is the ten thousands digit of 24286553?
8
What is the hundred thousands digit of 321362?
3
What is the hundreds digit of 17406370?
3
What is the ten thousands digit of 2854162?
5
What is the units digit of 510386?
6
What is the hundred thousands digit of 5580397?
5
What is the thousands digit of 596905?
6
What is the tens digit of 5809935?
3
What is the hundreds digit of 3195154?
1
What is the ten thousands digit of 71380?
7
What is the hundreds digit of 6707096?
0
What is the hundred thousands digit of 800589?
8
What is the units digit of 5829549?
9
What is the tens digit of 10960?
6
What is the hundreds digit of 1847451?
4
What is the tens digit of 8687443?
4
What is the ten thousands digit of 637384?
3
What is the ten thousands digit of 1295052?
9
What is the units digit of 280204?
4
What is the hundred thousands digit of 449470?
4
What is the ten thousands digit of 2782387?
8
What is the hundreds digit of 1332209?
2
What is the tens digit of 6022810?
1
What is the thousands digit of 388626?
8
What is the units digit of 50581?
1
What is the ten thousands digit of 6759444?
5
What is the tens digit of 13921235?
3
What is the thousands digit of 4883958?
3
What is the millions digit of 10513825?
0
What is the thousands digit of 2130587?
0
What is the thousands digit of 6591545?
1
What is the tens digit of 1709160?
6
What is the hundred thousands digit of 250404?
2
What is the tens digit of 11390630?
3
What is the ten thousands digit of 231985?
3
What is the ten thousands digit of 45101?
4
What is the ten thousands digit of 542566?
4
What is the tens digit of 6421247?
4
What is the thousands digit of 173420?
3
What is the hundreds digit of 1187705?
7
What is the tens digit of 184210?
1
What is the millions digit of 28697872?
8
What is the millions digit of 2051096?
2
What is the hundreds digit of 298052?
0
What is the ten millions digit of 27761883?
2
What is the hundreds digit of 356978?
9
What is the units digit of 344536?
6
What is the tens digit of 610350?
5
What is the hundred thousands digit of 4161607?
1
What is the units digit of 1235641?
1
What is the hundreds digit of 29361?
3
What is the ten millions digit of 13132627?
1
What is the tens digit of 638736?
3
What is the tens digit of 2034370?
7
What is the thousands digit of 97186?
7
What is the millions digit of 21665796?
1
What is the millions digit of 7386657?
7
What is the hundred thousands digit of 1069508?
0
What is the tens digit of 1549509?
0
What is the millions digit of 3314572?
3
What is the thousands digit of 17527127?
7
What is the ten thousands digit of 33646409?
4
What is the millions digit of 1223424?
1
What is the hundred thousands digit of 738917?
7
What is the tens digit of 115878?
7
What is the hundred thousands digit of 1076866?
0
What is the millions digit of 17313309?
7
What is the tens digit of 187807?
0
What is the ten thousands digit of 15818362?
1
What is the millions digit of 6484022?
6
What is the tens digit of 559320?
2
What is the ten thousands digit of 4743993?
4
What is the millions digit of 1690439?
1
What is the units digit of 916492?
2
What is the tens digit of 6806903?
0
What is the thousands digit of 859589?
9
What is the hundreds digit of 7477?
4
What is the units digit of 29075601?
1
What is the units digit of 264169?
9
What is the tens digit of 4522417?
1
What is the thousands digit of 356810?
6
What is the tens digit of 5872950?
5
What is the hundred thousands digit of 24980407?
9
What is the ten thousands digit of 25962811?
6
What is the thousands digit of 466966?
6
What is the ten thousands digit of 5173795?
7
What is the units digit of 1048498?
8
What is the ten thousands digit of 52639?
5
What is the ten thousands digit of 469526?
6
What is the hundreds digit of 1364?
3
What is the tens digit of 1106303?
0
What is the ten thousands digit of 5872803?
7
What is the tens digit of 1070339?
3
What is the units digit of 3192244?
4
What is the units digit of 403445?
5
What is the hundreds digit of 91667?
6
What is the thousands digit of 1017493?
7
What is the hundreds digit of 79056?
0
What is the hundreds digit of 272116?
1
What is the hundreds digit of 292126?
1
What is the units digit of 388703?
3
What is the thousands digit of 290743?
0
What is the thousands digit of 27549?
7
What is the hundred thousands digit of 407559?
4
What is the hundreds digit of 16991044?
0
What is the hundreds digit of 542824?
8
What is the ten thousands digit of 25007810?
0
What is the hundred thousands digit of 1629110?
6
What is the units digit of 727748?
8
What is the millions digit of 4652214?
4
What is the ten thousands digit of 1465898?
6
What is the hundred thousands digit of 677335?
6
What is the units digit of 200922?
2
What is the hundreds digit of 729811?
8
What is the ten millions digit of 25225208?
2
What is the thousands digit of 2330145?
0
What is the thousands digit of 448254?
8
What is the hundred thousands digit of 179544?
1
What is the hundred thousands digit of 3564243?
5
What is the hundreds digit of 178579?
5
What is the hundreds digit of 559127?
1
What is the tens digit of 1546102?
0
What is the hundreds digit of 214219?
2
What is the thousands digit of 28601724?
1
What is the units digit of 18454887?
7
What is the hundreds digit of 5464808?
8
What is the units digit of 103521?
1
What